{"id":15613,"date":"2026-04-07T11:19:55","date_gmt":"2026-04-07T09:19:55","guid":{"rendered":"https:\/\/jsbyjx.com\/?page_id=15613"},"modified":"2026-04-07T11:19:58","modified_gmt":"2026-04-07T09:19:58","slug":"faq","status":"publish","type":"page","link":"https:\/\/www.jsbyjx.com\/index.php\/faq\/","title":{"rendered":"FAQ"},"content":{"rendered":"\n<p>Informations de suivi<\/p><p>La mise \u00e0 jour des informations de suivi peut prendre jusqu&rsquo;\u00e0 48 heures apr\u00e8s r\u00e9ception de l&rsquo;e-mail de suivi automatique. Si aucune mise \u00e0 jour n&rsquo;est disponible apr\u00e8s 48 heures, veuillez contacter notre service client par e-mail. Nous nous ferons un plaisir de vous fournir des informations ou de d\u00e9terminer le statut de votre colis.<\/p><p><br><\/p><p>Le suivi indique \u00ab\u00a0Livr\u00e9\u00a0\u00bb, mais je n&rsquo;ai pas re\u00e7u mon colis\u00a0!<\/p><p>Notre responsabilit\u00e9 est de traiter votre commande et de vous l&rsquo;exp\u00e9dier avec un num\u00e9ro de suivi. Une fois la livraison confirm\u00e9e, nous ne sommes pas responsables du colis apr\u00e8s cette date. Nous vous recommandons de contacter votre bureau de poste local pour localiser votre colis.<\/p><p><br><\/p><p>Pour en savoir plus sur nos produits, veuillez contacter notre service client.<\/p>\n\n","protected":false},"excerpt":{"rendered":"<p>Informations de suivi La mise \u00e0 jour des informations de suivi peut prendre jusqu&rsquo;\u00e0 48 heures apr\u00e8s r\u00e9ception de l&rsquo;e-mail<\/p>\n","protected":false},"author":1,"featured_media":0,"parent":0,"menu_order":0,"comment_status":"closed","ping_status":"closed","template":"","meta":{"footnotes":""},"class_list":["post-15613","page","type-page","status-publish","hentry"],"_links":{"self":[{"href":"https:\/\/www.jsbyjx.com\/index.php\/wp-json\/wp\/v2\/pages\/15613","targetHints":{"allow":["GET"]}}],"collection":[{"href":"https:\/\/www.jsbyjx.com\/index.php\/wp-json\/wp\/v2\/pages"}],"about":[{"href":"https:\/\/www.jsbyjx.com\/index.php\/wp-json\/wp\/v2\/types\/page"}],"author":[{"embeddable":true,"href":"https:\/\/www.jsbyjx.com\/index.php\/wp-json\/wp\/v2\/users\/1"}],"replies":[{"embeddable":true,"href":"https:\/\/www.jsbyjx.com\/index.php\/wp-json\/wp\/v2\/comments?post=15613"}],"version-history":[{"count":1,"href":"https:\/\/www.jsbyjx.com\/index.php\/wp-json\/wp\/v2\/pages\/15613\/revisions"}],"predecessor-version":[{"id":15614,"href":"https:\/\/www.jsbyjx.com\/index.php\/wp-json\/wp\/v2\/pages\/15613\/revisions\/15614"}],"wp:attachment":[{"href":"https:\/\/www.jsbyjx.com\/index.php\/wp-json\/wp\/v2\/media?parent=15613"}],"curies":[{"name":"wp","href":"https:\/\/api.w.org\/{rel}","templated":true}]}}