{"id":15617,"date":"2026-04-07T11:21:16","date_gmt":"2026-04-07T09:21:16","guid":{"rendered":"https:\/\/jsbyjx.com\/?page_id=15617"},"modified":"2026-04-07T11:21:18","modified_gmt":"2026-04-07T09:21:18","slug":"conditions-dutilisation","status":"publish","type":"page","link":"https:\/\/www.jsbyjx.com\/index.php\/conditions-dutilisation\/","title":{"rendered":"Conditions d&rsquo;utilisation"},"content":{"rendered":"\n<p>CONDITIONS D&rsquo;UTILISATION<\/p><p><br><\/p><p>Merci de votre visite sur notre site web (le \u00ab\u00a0Site web\u00a0\u00bb). Votre acc\u00e8s \u00e0 ce Site web et son utilisation sont soumis aux conditions d&rsquo;utilisation suivantes (\u00ab\u00a0Conditions d&rsquo;utilisation\u00a0\u00bb) et \u00e0 toutes les lois applicables.<\/p><p><br><\/p><p>Les termes \u00ab\u00a0vous\u00a0\u00bb et \u00ab\u00a0votre\u00a0\u00bb, utilis\u00e9s dans les pr\u00e9sentes Conditions d&rsquo;utilisation, d\u00e9signent tout utilisateur de ce Site web.<\/p><p><br><\/p><p>ACCORD<\/p><p>L&rsquo;acc\u00e8s \u00e0 ce Site web et son utilisation, ainsi que l&rsquo;acc\u00e8s aux informations, documents, produits et services disponibles sur ce Site web, sont soumis \u00e0 toutes les lois et r\u00e9glementations applicables et aux pr\u00e9sentes Conditions d&rsquo;utilisation. En acc\u00e9dant \u00e0 ce Site web, en le consultant et en y effectuant des achats, vous acceptez, sans limitation ni r\u00e9serve, les pr\u00e9sentes Conditions d&rsquo;utilisation, qui constituent un accord juridiquement contraignant. Si vous n&rsquo;acceptez pas ces Conditions d&rsquo;utilisation, veuillez quitter ce Site web.<\/p><p><br><\/p><p>Nous pouvons modifier les pr\u00e9sentes Conditions d&rsquo;utilisation de temps \u00e0 autre sans pr\u00e9avis. Les Conditions d&rsquo;utilisation les plus r\u00e9centes seront publi\u00e9es sur le Site Web. Veuillez les consulter avant toute utilisation du Site Web afin de vous assurer de bien comprendre les conditions d&rsquo;acc\u00e8s qui vous y autorisent. Si vous ne pouvez pas acc\u00e9der aux Conditions d&rsquo;utilisation via Internet, nous pouvons vous en fournir une copie par courriel sur simple demande. Veuillez nous contacter \u00e0 l&rsquo;adresse \u00e9lectronique indiqu\u00e9e \u00e0 la fin de ces Conditions d&rsquo;utilisation.<\/p><p><br><\/p><p>L&rsquo;ACC\u00c8S \u00c0 CE SITE WEB (OU \u00c0 DES PARTIES DE CELUI-CI) ET L&rsquo;UTILISATION DES INFORMATIONS, DOCUMENTS, PRODUITS OU SERVICES FOURNIS PAR SON INTERM\u00c9DIAIRE SONT INTERDITS ET NON AUTORIS\u00c9S LORSQUE CET ACC\u00c8S OU CETTE UTILISATION ENFREINT LES LOIS OU R\u00c9GLEMENTATIONS APPLICABLES.<\/p><p><br><\/p><p>MINEURS<\/p><p>Ce Site Web est un site commercial. Par cons\u00e9quent, il n&rsquo;est pas destin\u00e9 aux enfants ou aux mineurs de moins de 18 ans sans l&rsquo;autorisation d&rsquo;un parent ou d&rsquo;un tuteur.<\/p><p><br><\/p><p>INFORMATIONS SUR LES PRODUITS ET SERVICES<\/p><p>Toutes les r\u00e9f\u00e9rences sur ce site Web \u00e0 des informations, documents, produits et services s&rsquo;appliquent uniquement aux informations, documents, produits et services disponibles dans les pays ou juridictions sp\u00e9cifi\u00e9s en ce qui concerne ces informations, sauf indication contraire. Aucune information sur ce site Web ne constitue une offre d&rsquo;achat ou de vente de nos produits ou services dans quelque juridiction que ce soit.<\/p><p><br><\/p><p>PROPRI\u00c9T\u00c9<\/p><p>Sauf indication contraire, ce site Web et sa conception, ses textes, son contenu, la s\u00e9lection et l&rsquo;agencement de ses \u00e9l\u00e9ments, son organisation, ses graphismes, sa compilation, sa traduction magn\u00e9tique, sa conversion num\u00e9rique et tous les autres \u00e9l\u00e9ments relatifs \u00e0 ce site Web (\u00ab\u00a0Contenu\u00a0\u00bb) sont prot\u00e9g\u00e9s par les droits d&rsquo;auteur, les marques de commerce et autres droits de propri\u00e9t\u00e9 applicables (y compris, mais sans s&rsquo;y limiter, les droits de propri\u00e9t\u00e9 intellectuelle), notamment ceux des \u00c9tats-Unis. Tous les droits de propri\u00e9t\u00e9 intellectuelle relatifs au Contenu nous appartiennent ou sont utilis\u00e9s avec l&rsquo;autorisation du titulaire des droits et sont prot\u00e9g\u00e9s conform\u00e9ment aux lois applicables en mati\u00e8re de droits d&rsquo;auteur et de marques de commerce. TOUS DROITS R\u00c9SERV\u00c9S.<\/p><p><br><\/p><p>La publication de ces \u00e9l\u00e9ments sur ce site Web ne constitue pas une renonciation \u00e0 un quelconque droit sur ces \u00e9l\u00e9ments. Vous n&rsquo;acqu\u00e9rez aucun droit de propri\u00e9t\u00e9 sur les \u00e9l\u00e9ments consult\u00e9s par le biais de ce site Web. Sauf disposition contraire des pr\u00e9sentes, aucun de ces \u00e9l\u00e9ments ne peut \u00eatre utilis\u00e9, copi\u00e9, reproduit, distribu\u00e9, republi\u00e9, t\u00e9l\u00e9charg\u00e9, modifi\u00e9, affich\u00e9, publi\u00e9 ou transmis sous quelque forme ou par quelque moyen que ce soit, y compris, mais sans s&rsquo;y limiter, par voie \u00e9lectronique, m\u00e9canique, par photocopie, par enregistrement ou autrement, sans notre autorisation \u00e9crite expresse et pr\u00e9alable.<\/p><p><br><\/p><p>L&rsquo;autorisation est accord\u00e9e par la pr\u00e9sente, dans la mesure n\u00e9cessaire pour acc\u00e9der et utiliser l\u00e9galement ce site Web et\/ou les informations, documents, produits et\/ou services qui y sont disponibles, afin d&rsquo;afficher, de t\u00e9l\u00e9charger, d&rsquo;archiver et d&rsquo;imprimer sur support papier des parties de ce site Web \u00e0 titre temporaire et pour votre usage personnel uniquement, \u00e0 condition que vous ne modifiiez pas les documents et que vous conserviez tous les avis de droit d&rsquo;auteur et autres avis de propri\u00e9t\u00e9 contenus dans les documents.<\/p><p><br><\/p><p>MARQUES DE COMMERCE<\/p><p>Le logo, tous les noms de produits, tous les en-t\u00eates de page, tous les graphiques personnalis\u00e9s, toutes les ic\u00f4nes de boutons, toutes les marques de commerce, marques de service et logos apparaissant sur ce site Web, sauf indication contraire, sont des marques de service, des marques de commerce (enregistr\u00e9es ou non) et\/ou des marques commerciales Les marques d\u00e9pos\u00e9es de notre soci\u00e9t\u00e9 (\u00ab\u00a0Marques\u00a0\u00bb) sont utilis\u00e9es pour toutes les autres marques commerciales, noms de produits, raisons sociales, logos, marques de service et\/ou pr\u00e9sentations commerciales mentionn\u00e9s, affich\u00e9s, cit\u00e9s ou autrement indiqu\u00e9s sur le Site Web appartiennent \u00e0 leurs propri\u00e9taires respectifs. Vous n\u2019\u00eates pas autoris\u00e9 \u00e0 afficher ou \u00e0 utiliser les Marques de quelque mani\u00e8re que ce soit sans notre autorisation \u00e9crite pr\u00e9alable. Vous n\u2019\u00eates pas autoris\u00e9 \u00e0 afficher ou \u00e0 utiliser les marques commerciales, noms de produits, raisons sociales, logos, marques de service et\/ou pr\u00e9sentations commerciales d\u2019autres propri\u00e9taires sans leur autorisation \u00e9crite pr\u00e9alable. L&rsquo;utilisation ou le d\u00e9tournement des Marques ou autres marques de commerce, noms de produits, raisons sociales, logos, marques de service et\/ou pr\u00e9sentations commerciales ou de tout autre \u00e9l\u00e9ment contenu dans le pr\u00e9sent document, sauf autorisation expresse, est express\u00e9ment interdit.<\/p><p><br><\/p><p>Il est interdit d&rsquo;utiliser des domaines contenant le nom de la marque.<\/p><p>Il est interdit d&rsquo;utiliser le nom de la marque dans le sous-domaine du domaine de l&rsquo;\u00e9diteur.<\/p><p>Il est interdit d&rsquo;ench\u00e9rir sur le nom de la marque (y compris les fautes d&rsquo;orthographe et les variantes) sur AdWords, AdCenter, etc.<\/p><p>AVIS DE NON-RESPONSABILIT\u00c9 CONCERNANT LES LIENS HYPERTEXTES<\/p><p>Ce site Web peut contenir des liens et\/ou des publicit\u00e9s vers d&rsquo;autres sites Web que nous g\u00e9rons, ainsi que des liens vers des sites Web g\u00e9r\u00e9s par des soci\u00e9t\u00e9s et des personnes non affili\u00e9es. Une publicit\u00e9 ou un lien vers un site Web ou un site Web de ce type n&rsquo;est pas autoris\u00e9. Le fait de mentionner ce site Web ne signifie pas que nous approuvons, cautionnons ou acceptons une quelconque responsabilit\u00e9 quant \u00e0 ce site, son contenu ou son utilisation, ou quant \u00e0 l&rsquo;utilisation des produits et services qui y sont propos\u00e9s. Nous ne sommes pas responsables des actions, du contenu, de l&rsquo;exactitude, des opinions exprim\u00e9es, des politiques de confidentialit\u00e9, des produits ou services fournis par le biais de ces liens ou mis \u00e0 disposition par ces ressources ou apparaissant sur ces sites Web, ni des dommages ou pertes, directs ou indirects, caus\u00e9s ou pr\u00e9tendument caus\u00e9s par votre utilisation de ces sites ou la confiance que vous leur accordez. Nous n&rsquo;effectuons aucune v\u00e9rification, surveillance ou contr\u00f4le de l&rsquo;exactitude, de l&rsquo;exhaustivit\u00e9 ou de la conformit\u00e9 de ces sites Web aux lois et r\u00e9glementations applicables. Nous ne faisons aucune d\u00e9claration ni ne donnons aucune garantie, expresse ou implicite, concernant les autres sites Web auxquels vous pourriez acc\u00e9der via ce site, leur contenu ou les produits et\/ou services qui y sont propos\u00e9s. Si vous d\u00e9cidez de quitter notre site Web et d&rsquo;acc\u00e9der \u00e0 ces autres sites, vous le faites \u00e0 vos propres risques. L&rsquo;ensemble des r\u00e8gles, politiques (y compris les politiques de confidentialit\u00e9) et proc\u00e9dures d&rsquo;exploitation de ces sites web s&rsquo;appliquent lorsque vous les consultez.<\/p><p><br><\/p><p>CONSENTEMENT RELATIF \u00c0 LA PROTECTION DES DONN\u00c9ES<\/p><p>En acceptant les pr\u00e9sentes Conditions d&rsquo;utilisation, vous acceptez les termes de notre Politique de confidentialit\u00e9. Avant d&rsquo;utiliser ce site web, veuillez lire attentivement tous ces documents. Toutes les donn\u00e9es personnelles que vous nous fournissez lors de votre utilisation de ce site web seront trait\u00e9es conform\u00e9ment \u00e0 notre Politique de confidentialit\u00e9. La publication ou la transmission de tout contenu ill\u00e9gal, mena\u00e7ant, diffamatoire, obsc\u00e8ne, pornographique ou blasph\u00e9matoire, ou de tout contenu susceptible de constituer ou d&rsquo;encourager une conduite consid\u00e9r\u00e9e comme une infraction p\u00e9nale ou une violation de toute loi, est strictement interdite. Nous nous r\u00e9servons le droit de surveiller vos communications avec nous, que ce soit par courrier, t\u00e9l\u00e9phone, fax, courriel ou tout autre moyen de transmission, \u00e0 des fins de contr\u00f4le qualit\u00e9, de s\u00e9curit\u00e9 et pour d&rsquo;autres besoins commerciaux. Nous n&rsquo;offrons aucune garantie concernant ce site Web ou son contenu, qui sont fournis \u00ab\u00a0en l&rsquo;\u00e9tat\u00a0\u00bb et \u00ab\u00a0selon leur disponibilit\u00e9\u00a0\u00bb. Nous d\u00e9clinons toute garantie, expresse ou implicite, y compris, sans limitation, les garanties implicites de propri\u00e9t\u00e9, d&rsquo;absence de contrefa\u00e7on, de qualit\u00e9 marchande, de qualit\u00e9 et d&rsquo;ad\u00e9quation \u00e0 un usage particulier, concernant ce site web et tout site web auquel il est li\u00e9. Nous ne garantissons pas que ce site web, ses serveurs ou les courriels que nous envoyons soient exempts de tout \u00e9l\u00e9ment nuisible (y compris les virus). Nous ne faisons \u00e9galement aucune d\u00e9claration ni ne donnons aucune garantie quant \u00e0 l&rsquo;exactitude, l&rsquo;exhaustivit\u00e9 ou l&rsquo;actualit\u00e9 des informations accessibles via ce site web ou tout site web auquel il est li\u00e9. Nous ne fournissons aucune garantie quant \u00e0 la possibilit\u00e9 de suppression, de mauvaise livraison ou de d\u00e9faut de stockage des communications, des param\u00e8tres personnalis\u00e9s ou d&rsquo;autres donn\u00e9es. Vous acceptez que nos actionnaires, propri\u00e9taires, dirigeants, administrateurs, employ\u00e9s et autres repr\u00e9sentants b\u00e9n\u00e9ficient de la pr\u00e9sente clause. Les informations et autres \u00e9l\u00e9ments pr\u00e9sents sur ce site Web sont fournis \u00e0 titre indicatif uniquement et ne constituent pas un avis professionnel. Il vous incombe d&rsquo;\u00e9valuer (ou de solliciter un avis professionnel concernant) l&rsquo;exactitude et l&rsquo;exhaustivit\u00e9 de toutes les informations, d\u00e9clarations, opinions et autres \u00e9l\u00e9ments figurant sur ce site Web ou sur tout site Web auquel il renvoie.<\/p><p><br><\/p><p>Vos droits l\u00e9gaux en tant que consommateur, le cas \u00e9ch\u00e9ant, ne sont pas affect\u00e9s par les pr\u00e9sentes dispositions, et nous ne cherchons pas \u00e0 exclure ou \u00e0 limiter notre responsabilit\u00e9 en cas de fausse d\u00e9claration frauduleuse.<\/p><p><br><\/p><p>EXCLUSION DE RESPONSABILIT\u00c9<\/p><p>Dans toute la mesure permise par les lois applicables, nous, au nom de nos employ\u00e9s, agents, fournisseurs et sous-traitants, excluons et d\u00e9clinons toute responsabilit\u00e9 pour toutes pertes et d\u00e9penses de quelque nature que ce soit et quelle qu&rsquo;en soit la cause, y compris, sans limitation, tout dommage direct, indirect, sp\u00e9cial, punitif ou cons\u00e9cutif, toute perte d&rsquo;usage, toute perte de donn\u00e9es, toute perte caus\u00e9e par un virus, toute perte de revenus ou de profits, toute perte ou tout dommage mat\u00e9riel, toute r\u00e9clamation de tiers ou toute autre perte de quelque nature que ce soit, m\u00eame si nous avons \u00e9t\u00e9 inform\u00e9s de la possibilit\u00e9 de tels dommages ou pertes, d\u00e9coulant de ou li\u00e9s \u00e0 L\u2019utilisation de ce site web ou de tout site web auquel il est li\u00e9 se fait \u00e0 vos propres risques. Vous assumez l\u2019enti\u00e8re responsabilit\u00e9 de la mise en place des proc\u00e9dures de sauvegarde des donn\u00e9es et de v\u00e9rification antivirus que vous jugez n\u00e9cessaires. CETTE LIMITATION DE RESPONSABILIT\u00c9 S\u2019APPLIQUE QUE LA RESPONSABILIT\u00c9 ALL\u00c9GU\u00c9E SOIT FOND\u00c9E SUR UN CONTRAT, UNE N\u00c9GLIGENCE, UN D\u00c9LIT, UNE RESPONSABILIT\u00c9 SANS FAUTE OU TOUT AUTRE FONDEMENT.<\/p><p><br><\/p><p>Les pr\u00e9sentes Conditions d\u2019utilisation vous conf\u00e8rent des droits l\u00e9gaux sp\u00e9cifiques et vous pouvez \u00e9galement b\u00e9n\u00e9ficier d\u2019autres droits qui varient d\u2019un pays \u00e0 l\u2019autre. Certaines juridictions n\u2019autorisent pas l\u2019exclusion des garanties implicites, ni certains types de limitations ou d\u2019exclusions de responsabilit\u00e9\u00a0; par cons\u00e9quent, les limitations et exclusions \u00e9nonc\u00e9es dans les pr\u00e9sentes Conditions d\u2019utilisation peuvent ne pas vous \u00eatre applicables. D\u2019autres juridictions autorisent les limitations et exclusions sous certaines conditions. Dans un tel cas, les limitations et exclusions \u00e9nonc\u00e9es dans les pr\u00e9sentes Conditions d&rsquo;utilisation s&rsquo;appliqueront dans toute la mesure permise par les lois des juridictions concern\u00e9es.<\/p><p><br><\/p><p>VOS OBLIGATIONS<\/p><p>Il vous incombe de fournir et d&rsquo;entretenir tout le mat\u00e9riel informatique et de communication personnel ainsi que les comptes d&rsquo;acc\u00e8s Internet n\u00e9cessaires pour acc\u00e9der \u00e0 ce site Web.<\/p><p><br><\/p><p>En contrepartie de votre utilisation du site Web, vous vous engagez \u00e0 fournir des informations exactes, compl\u00e8tes et \u00e0 jour vous concernant.<\/p><p><br><\/p><p>Votre compte, y compris votre nom d&rsquo;utilisateur et votre mot de passe, est personnel et ne peut \u00eatre utilis\u00e9 par personne d&rsquo;autre. Vous \u00eates responsable de la confidentialit\u00e9 de votre mot de passe et de votre nom d&rsquo;utilisateur et \u00eates enti\u00e8rement responsable de toutes les activit\u00e9s effectu\u00e9es sous votre mot de passe ou votre nom d&rsquo;utilisateur, que ce soit par vous ou par toute autre personne utilisant votre nom d&rsquo;utilisateur et votre mot de passe, avec ou sans votre autorisation. Vous vous engagez \u00e0 nous informer imm\u00e9diatement de toute faille de s\u00e9curit\u00e9 apparente, telle que la perte, le vol ou la divulgation ou l&rsquo;utilisation non autoris\u00e9e de votre nom d&rsquo;utilisateur ou de votre mot de passe. Tant que nous n&rsquo;aurons pas \u00e9t\u00e9 inform\u00e9s, vous resterez responsable de toute utilisation non autoris\u00e9e de votre compte. Vous vous engagez \u00e0 utiliser le Site Web conform\u00e9ment \u00e0 toutes les r\u00e8gles et r\u00e9glementations applicables. Vous vous engagez \u00e0 ne pas t\u00e9l\u00e9charger ni transmettre via le Site Web de virus informatiques, chevaux de Troie, vers ou tout autre \u00e9l\u00e9ment con\u00e7u pour interf\u00e9rer avec, interrompre ou perturber le fonctionnement normal d&rsquo;un ordinateur. Toute modification, alt\u00e9ration ou alt\u00e9ration non autoris\u00e9e de toute information, ou toute entrave \u00e0 la disponibilit\u00e9 ou \u00e0 l&rsquo;acc\u00e8s \u00e0 ce Site Web est strictement interdite. Nous nous r\u00e9servons tous les droits et recours dont nous disposons.<\/p><p><br><\/p><p>Vous acceptez de nous indemniser, de nous d\u00e9gager de toute responsabilit\u00e9 et de nous tenir indemnes, ainsi que nos dirigeants, administrateurs, agents, repr\u00e9sentants et employ\u00e9s, de toute r\u00e9clamation, responsabilit\u00e9, perte, d\u00e9pense ou demande, y compris les frais juridiques, li\u00e9s \u00e0 votre violation des pr\u00e9sentes Conditions d&rsquo;utilisation ou \u00e0 votre acc\u00e8s ou utilisation de ce Site Web (y compris toute information, tout document, tout produit ou tout service disponible par le biais de ce Site Web).<\/p><p><br><\/p><p>MODIFICATION ET INTERRUPTION<\/p><p>Nous nous r\u00e9servons le droit, \u00e0 tout moment et sans pr\u00e9avis, de modifier, d&rsquo;\u00e9diter, de supprimer, de suspendre ou d&rsquo;interrompre, temporairement ou d\u00e9finitivement, ce Site Web (ou toute partie de celui-ci) et\/ou les informations, documents, produits et\/ou services disponibles par le biais de ce Site Web (ou toute partie de celui-ci). Vous acceptez que nous ne soyons pas responsables envers vous ou envers un tiers de toute modification, \u00e9dition, suppression, suspension ou interruption de ce site Web.<\/p><p><br><\/p><p>ACCORD INT\u00c9GRAL<\/p><p>Les pr\u00e9sentes Conditions d&rsquo;utilisation (ainsi que notre Politique de confidentialit\u00e9, qui y est express\u00e9ment int\u00e9gr\u00e9e) constituent l&rsquo;int\u00e9gralit\u00e9 de l&rsquo;accord entre vous et nous concernant l&rsquo;utilisation de ce site Web. Aucune d\u00e9claration, affirmation ou incitation, orale ou \u00e9crite, non contenue dans les pr\u00e9sentes, ne saurait lier les parties \u00e0 cet accord.<\/p><p><br><\/p><p>DIVISIBILIT\u00c9 ET ABSENCE DE RENONCIATION<\/p><p>Les pr\u00e9sentes Conditions d&rsquo;utilisation s&rsquo;appliquent nonobstant toute mention ou d\u00e9claration sp\u00e9cifique associ\u00e9e \u00e0 un document ou une information \u00e9chang\u00e9e.<\/p><p><br><\/p><p>DROIT APPLICABLE ET JURIDICTION<\/p><p>L&rsquo;acc\u00e8s \u00e0 ce site Web ou son utilisation, ainsi que l&rsquo;acc\u00e8s aux informations, documents, produits et\/ou services qui y sont propos\u00e9s, peuvent \u00eatre interdits par la loi dans certains pays ou juridictions. Il vous incombe de respecter toutes les lois applicables du pays depuis lequel vous acc\u00e9dez \u00e0 ce site Web. Nous nous r\u00e9servons toutefois le droit d&rsquo;engager des poursuites judiciaires dans toute juridiction o\u00f9 nous estimons qu&rsquo;une violation du pr\u00e9sent accord a lieu ou prend son origine.\n\n","protected":false},"excerpt":{"rendered":"<p>CONDITIONS D&rsquo;UTILISATION Merci de votre visite sur notre site web (le \u00ab\u00a0Site web\u00a0\u00bb). Votre acc\u00e8s \u00e0 ce Site web et<\/p>\n","protected":false},"author":1,"featured_media":0,"parent":0,"menu_order":0,"comment_status":"closed","ping_status":"closed","template":"","meta":{"footnotes":""},"class_list":["post-15617","page","type-page","status-publish","hentry"],"_links":{"self":[{"href":"https:\/\/www.jsbyjx.com\/index.php\/wp-json\/wp\/v2\/pages\/15617","targetHints":{"allow":["GET"]}}],"collection":[{"href":"https:\/\/www.jsbyjx.com\/index.php\/wp-json\/wp\/v2\/pages"}],"about":[{"href":"https:\/\/www.jsbyjx.com\/index.php\/wp-json\/wp\/v2\/types\/page"}],"author":[{"embeddable":true,"href":"https:\/\/www.jsbyjx.com\/index.php\/wp-json\/wp\/v2\/users\/1"}],"replies":[{"embeddable":true,"href":"https:\/\/www.jsbyjx.com\/index.php\/wp-json\/wp\/v2\/comments?post=15617"}],"version-history":[{"count":1,"href":"https:\/\/www.jsbyjx.com\/index.php\/wp-json\/wp\/v2\/pages\/15617\/revisions"}],"predecessor-version":[{"id":15618,"href":"https:\/\/www.jsbyjx.com\/index.php\/wp-json\/wp\/v2\/pages\/15617\/revisions\/15618"}],"wp:attachment":[{"href":"https:\/\/www.jsbyjx.com\/index.php\/wp-json\/wp\/v2\/media?parent=15617"}],"curies":[{"name":"wp","href":"https:\/\/api.w.org\/{rel}","templated":true}]}}