{"id":39,"date":"2026-04-07T10:49:20","date_gmt":"2026-04-07T08:49:20","guid":{"rendered":"https:\/\/jsbyjx.com\/index.php\/product\/tasses-de-voyage-en-ceramique-personnalisees-pour-micro-ondes-impression-de-dessin-anime-simple-style-nordique-ecologiques-canecas-drinkware-e5mkb\/"},"modified":"2026-04-07T10:49:20","modified_gmt":"2026-04-07T08:49:20","slug":"tasses-de-voyage-en-ceramique-personnalisees-pour-micro-ondes-impression-de-dessin-anime-simple-style-nordique-ecologiques-canecas-drinkware-e5mkb","status":"publish","type":"product","link":"https:\/\/www.jsbyjx.com\/index.php\/product\/tasses-de-voyage-en-ceramique-personnalisees-pour-micro-ondes-impression-de-dessin-anime-simple-style-nordique-ecologiques-canecas-drinkware-e5mkb\/","title":{"rendered":"Tasses de voyage en c\u00e9ramique personnalis\u00e9es pour micro-ondes, impression de dessin anim\u00e9 simple, style nordique, \u00e9cologiques, Canecas Drinkware E5MKB"},"content":{"rendered":"<p>Mat\u00e9riau\u00a0: C\u00e9ramique Type\u00a0: Tasse \u00e0 caf\u00e9 Style\u00a0: Moderne Accessoires\u00a0: Cuill\u00e8re incluse Forme\u00a0: Poign\u00e9e Sp\u00e9cifications\u00a0: 1 Certification\u00a0: CIQ Caract\u00e9ristique\u00a0: \u00c9cologique Caract\u00e9ristique\u00a0: En stock Caract\u00e9ristique\u00a0: Non invers\u00e9 Mat\u00e9riau\u00a0: C\u00e9ramique Capacit\u00e9\u00a0: 201\u00a0ml (inclus) &#8211; 300\u00a0ml (inclus) Style\u00a0: Japonais Classification des couleurs\u00a0: Tasse pamplemousse 270\u00a0ml Source principale\u00a0: Photo ind\u00e9pendante Logistique\u00a0: Livraison gratuite Mat\u00e9riau 1\u00a0: C\u00e9ramique Mat\u00e9riau 2\u00a0: Porcelaine fine Pour\u00a0: \u00c9tudiants Pour\u00a0: Amoureux Sc\u00e8ne applicable\u00a0: Usage domestique Sc\u00e8ne applicable 2\u00a0: Usage professionnel<\/p>\n","protected":false},"excerpt":{"rendered":"<p>Mat\u00e9riau\u00a0: C\u00e9ramique Type\u00a0: Tasse \u00e0 caf\u00e9 Style\u00a0: Moderne Accessoires\u00a0: Cuill\u00e8re incluse Forme\u00a0: Poign\u00e9e Sp\u00e9cifications\u00a0: 1 Certification\u00a0: CIQ Caract\u00e9ristique\u00a0: \u00c9cologique Caract\u00e9ristique\u00a0:<\/p>\n","protected":false},"featured_media":38,"comment_status":"open","ping_status":"closed","template":"","meta":[],"product_brand":[],"product_cat":[16],"product_tag":[],"class_list":{"0":"post-39","1":"product","2":"type-product","3":"status-publish","4":"has-post-thumbnail","6":"product_cat-tasse-deau-quotidienne","8":"first","9":"instock","10":"shipping-taxable","11":"purchasable","12":"product-type-simple"},"_links":{"self":[{"href":"https:\/\/www.jsbyjx.com\/index.php\/wp-json\/wp\/v2\/product\/39","targetHints":{"allow":["GET"]}}],"collection":[{"href":"https:\/\/www.jsbyjx.com\/index.php\/wp-json\/wp\/v2\/product"}],"about":[{"href":"https:\/\/www.jsbyjx.com\/index.php\/wp-json\/wp\/v2\/types\/product"}],"replies":[{"embeddable":true,"href":"https:\/\/www.jsbyjx.com\/index.php\/wp-json\/wp\/v2\/comments?post=39"}],"version-history":[{"count":0,"href":"https:\/\/www.jsbyjx.com\/index.php\/wp-json\/wp\/v2\/product\/39\/revisions"}],"wp:featuredmedia":[{"embeddable":true,"href":"https:\/\/www.jsbyjx.com\/index.php\/wp-json\/wp\/v2\/media\/38"}],"wp:attachment":[{"href":"https:\/\/www.jsbyjx.com\/index.php\/wp-json\/wp\/v2\/media?parent=39"}],"wp:term":[{"taxonomy":"product_brand","embeddable":true,"href":"https:\/\/www.jsbyjx.com\/index.php\/wp-json\/wp\/v2\/product_brand?post=39"},{"taxonomy":"product_cat","embeddable":true,"href":"https:\/\/www.jsbyjx.com\/index.php\/wp-json\/wp\/v2\/product_cat?post=39"},{"taxonomy":"product_tag","embeddable":true,"href":"https:\/\/www.jsbyjx.com\/index.php\/wp-json\/wp\/v2\/product_tag?post=39"}],"curies":[{"name":"wp","href":"https:\/\/api.w.org\/{rel}","templated":true}]}}