{"id":81,"date":"2026-04-07T10:49:56","date_gmt":"2026-04-07T08:49:56","guid":{"rendered":"https:\/\/jsbyjx.com\/index.php\/product\/gourde-parfumee-air-nouvelle-gourde-de-sport-ideale-pour-les-activites-sportives-et-de-fitness-en-exterieur-gourde-tendance\/"},"modified":"2026-04-07T10:49:56","modified_gmt":"2026-04-07T08:49:56","slug":"gourde-parfumee-air-nouvelle-gourde-de-sport-ideale-pour-les-activites-sportives-et-de-fitness-en-exterieur-gourde-tendance","status":"publish","type":"product","link":"https:\/\/www.jsbyjx.com\/index.php\/product\/gourde-parfumee-air-nouvelle-gourde-de-sport-ideale-pour-les-activites-sportives-et-de-fitness-en-exterieur-gourde-tendance\/","title":{"rendered":"Gourde parfum\u00e9e Air, nouvelle gourde de sport id\u00e9ale pour les activit\u00e9s sportives et de fitness en ext\u00e9rieur. Gourde tendance."},"content":{"rendered":"<p>Gourde parfum\u00e9e Air, nouvelle gourde de sport id\u00e9ale pour les activit\u00e9s sportives et de fitness en ext\u00e9rieur. Gourde tendance.<\/p>\n","protected":false},"excerpt":{"rendered":"<p>Gourde parfum\u00e9e Air, nouvelle gourde de sport id\u00e9ale pour les activit\u00e9s sportives et de fitness en ext\u00e9rieur. Gourde tendance.<\/p>\n","protected":false},"featured_media":80,"comment_status":"open","ping_status":"closed","template":"","meta":[],"product_brand":[],"product_cat":[17],"product_tag":[],"class_list":{"0":"post-81","1":"product","2":"type-product","3":"status-publish","4":"has-post-thumbnail","6":"product_cat-gobelet-a-eau-personnalise","8":"first","9":"instock","10":"shipping-taxable","11":"purchasable","12":"product-type-simple"},"_links":{"self":[{"href":"https:\/\/www.jsbyjx.com\/index.php\/wp-json\/wp\/v2\/product\/81","targetHints":{"allow":["GET"]}}],"collection":[{"href":"https:\/\/www.jsbyjx.com\/index.php\/wp-json\/wp\/v2\/product"}],"about":[{"href":"https:\/\/www.jsbyjx.com\/index.php\/wp-json\/wp\/v2\/types\/product"}],"replies":[{"embeddable":true,"href":"https:\/\/www.jsbyjx.com\/index.php\/wp-json\/wp\/v2\/comments?post=81"}],"version-history":[{"count":0,"href":"https:\/\/www.jsbyjx.com\/index.php\/wp-json\/wp\/v2\/product\/81\/revisions"}],"wp:featuredmedia":[{"embeddable":true,"href":"https:\/\/www.jsbyjx.com\/index.php\/wp-json\/wp\/v2\/media\/80"}],"wp:attachment":[{"href":"https:\/\/www.jsbyjx.com\/index.php\/wp-json\/wp\/v2\/media?parent=81"}],"wp:term":[{"taxonomy":"product_brand","embeddable":true,"href":"https:\/\/www.jsbyjx.com\/index.php\/wp-json\/wp\/v2\/product_brand?post=81"},{"taxonomy":"product_cat","embeddable":true,"href":"https:\/\/www.jsbyjx.com\/index.php\/wp-json\/wp\/v2\/product_cat?post=81"},{"taxonomy":"product_tag","embeddable":true,"href":"https:\/\/www.jsbyjx.com\/index.php\/wp-json\/wp\/v2\/product_tag?post=81"}],"curies":[{"name":"wp","href":"https:\/\/api.w.org\/{rel}","templated":true}]}}